hat is -1 + 81?
80
In base 13, what is 7 - -85?
8c
In base 2, what is 11 + 101000111?
101001010
In base 7, what is -104 + 33?
-41
In base 7, what is 12 + -26?
-14
In base 9, what is 3 + -55?
-52
In base 5, what is 3 + -241?
-233
In base 13, what is -794b + -2?
-7950
In base 4, what is -3 - -1020023?
1020020
In base 4, what is 0 + 133?
133
In base 16, what is -29e + -5?
-2a3
In base 8, what is 0 + -560?
-560
In base 9, what is 482 + 1?
483
In base 11, what is -140 - -3?
-138
In base 2, what is 1 - -100100?
100101
In base 7, what is -20 + -1?
-21
In base 11, what is -4 + 11a?
116
In base 16, what is -2 + 946?
944
In base 11, what is -3 + 1729?
1726
In base 13, what is 20a + 1?
20b
In base 15, what is -a + -33?
-3d
In base 3, what is 11 - 12101?
-12020
In base 5, what is -42220 + 1?
-42214
In base 12, what is 5 + -12?
-9
In base 15, what is -1577 + -4?
-157b
In base 16, what is 3 - 1274?
-1271
In base 5, what is 2422 - -3?
2430
In base 4, what is -10 - -31?
21
In base 7, what is 142 - -6?
151
In base 7, what is 10233 + 1?
10234
In base 12, what is 22 + 317?
339
In base 4, what is 2010 + 212?
2222
In base 5, what is 1 + 44?
100
In base 12, what is -1 - 41?
-42
In base 7, what is -6 + 346?
340
In base 2, what is 10000011000 - 111?
10000010001
In base 3, what is 201012 - 112?
200200
In base 4, what is -1 - -1112?
1111
In base 8, what is 5 - 237?
-232
In base 3, what is 12221 - 1101?
11120
In base 12, what is -17 + -ab?
-106
In base 11, what is -13 + 63?
50
In base 15, what is c + -27?
-1a
In base 13, what is -5 + 73?
6b
In base 10, what is -4 + 654?
650
In base 13, what is 5 + -572?
-56a
In base 8, what is -632 + 3?
-627
In base 9, what is -101634 - 4?
-101638
In base 12, what is 7 - -172?
179
In base 8, what is 13 + 1?
14
In base 12, what is -62 - 5?
-67
In base 14, what is -1107 - 0?
-1107
In base 8, what is -510 + 1?
-507
In base 9, what is 460 + -4?
455
In base 7, what is 1321 - 0?
1321
In base 13, what is 8 + -11?
-6
In base 14, what is ad4 + 4?
ad8
In base 11, what is -2 - 9?
-10
In base 8, what is 5 + -73?
-66
In base 7, what is 33061 - 1?
33060
In base 8, what is 43 - 6?
35
In base 3, what is -22 - -21202?
21110
In base 10, what is 43 - 5?
38
In base 4, what is 1 + -102?
-101
In base 13, what is -9c - -8?
-94
In base 6, what is -4204 + 5?
-4155
In base 12, what is -3 - -b6?
b3
In base 5, what is 41 + -2211?
-2120
In base 10, what is 1294 - -4?
1298
In base 15, what is -1bd + 0?
-1bd
In base 9, what is 3 + 6350?
6353
In base 12, what is -198 - 21?
-1b9
In base 6, what is 1242 - 42?
1200
In base 12, what is b3 - 0?
b3
In base 9, what is -1 - 2244?
-2245
In base 2, what is 100 + -1110101?
-1110001
In base 14, what is -1 - -2d?
2c
In base 3, what is 1001 - -11?
1012
In base 13, what is -30a - -31?
-2a9
In base 13, what is -2 - -27?
25
In base 12, what is -2 - -236?
234
In base 7, what is 1 + 10?
11
In base 3, what is 1002 + 12122?
20201
In base 10, what is 4 + 160?
164
In base 5, what is 301 + -3?
243
In base 3, what is 100210020 + -12?
100210001
In base 6, what is 3 + -3313?
-3310
In base 13, what is -a - 2?
-c
In base 5, what is -21322 - 3?
-21330
In base 5, what is -3 - 120?
-123
In base 11, what is 0 - 1a5?
-1a5
In base 5, what is 312 + -40?
222
In base 14, what is -86 - -10?
-76
In base 14, what is 28 - 28?
0
In base 8, what is -13 - 3127?
-3142
In base 11, what is 3 + 722?
725
In base 8, what is -4 + 2470?
2464
In base 2, what is -100011110 - -1000?
-100010110
In base 11, what is aa - 32?
78
In base 2, what is -101 + 1001001?
1000100
In base 3, what is 111021222 + 1?
111022000
In base 7, what is 5432 - 5?
5424
In base 9, what is 4 + 51?
55
In base 9, what is -38 + -17?
-56
In base 6, what is -110 + -1250?
-1400
In base 8, what is -737 - -2?
-735
In base 14, what is -138 + 1?
-137
In base 7, what is -2 - 121?
-123
In base 4, what is -12010 - 0?
-12010
In base 11, what is 276 + 3?
279
In base 16, what is -2409 + 3?
-2406
In base 4, what is -101 + 120002?
113301
In base 4, what is 11 + 112?
123
In base 6, what is 10 - 14?
-4
In base 13, what is -5 + -17?
-1c
In base 9, what is -5 - -724?
718
In base 5, what is -43 - 211?
-304
In base 2, what is 1 + -10001111?
-10001110
In base 6, what is 10 - 104?
-54
In base 5, what is -10440 + 2?
-10433
In base 10, what is -9 + 938?
929
In base 7, what is 3 - -5235?
5241
In base 7, what is 4 - 100?
-63
In base 5, what is 422 + -340?
32
In base 15, what is 128 - 6?
122
In base 7, what is 105 + 42?
150
In base 6, what is -4 + 152?
144
In base 2, what is -11000101001 - 101?
-11000101110
In base 11, what is -77a + -9?
-788
In base 7, what is -3036 - -13?
-3023
In base 7, what is -5 + 30?
22
In base 6, what is 1242 - 12?
1230
In base 10, what is 20 + -1781?
-1761
In base 8, what is 20 + 1362?
1402
In base 15, what is 39e + -6?
398
In base 16, what is -2 - -169?
167
In base 14, what is -11 - -6?
-9
In base 14, what is c3 - 0?
c3
In base 2, what is 1001000111110 - 0?
1001000111110
In base 5, what is -2004 + -2?
-2011
In base 11, what is -3 - 68?
-70
In base 9, what is -377 + -6?
-384
In base 13, what is 3 - 340?
-33a
In base 6, what is 0 - 542?
-542
In base 7, what is 12 + -364?
-352
In base 2, what is 111 - 1011101?
-1010110
In base 11, what is -19 + 15?
-4
In base 9, what is 47 - -2?
50
In base 6, what is -140454 - 3?
-140501
In base 11, what is 1113 - 0?
1113
In base 5, what is 110200 - 2?
110143
In base 6, what is 15 - 1?
14
In base 4, what is -10 - 3000?
-3010
In base 12, what is -3 - ba?
-101
In base 3, what is -101020 + -2?
-101022
In base 5, what is 124 + -23?
101
In base 9, what is 12 - 4?
7
In base 12, what is 315 - -3?
318
In base 7, what is 12531 + -4?
12524
In base 8, what is 37 - -1?
40
In base 10, what is 347 + 2?
349
In base 4, what is -203002 - 12?
-203020
In base 13, what is -1 + 1bb?
1ba
In base 16, what is -7 + 1d?
16
In base 10, what is -193 - 5?
-198
In base 6, what is -5 - -405?
400
In base 3, what is 212 + 1002?
1221
In base 10, what is 51 + 52?
103
In base 8, what is -1307 + 2?
-1305
In base 9, what is -2 - -122?
120
In base 15, what is -3 - -66?
63
In base 12, what is -240 - 4?
-244
In base 4, what is -13223 + -3?
-13232
In base 8, what is -1 + 120?
117
In base 11, what is -152 + 2?
-150
In base 11, what is 1a46 + -7?
1a3a
In base 4, what is -1 + -201?
-202
In base 11, what is 6 - -447?
452
In base 12, what is -73 + -6?
-79
In base 15, what is -2a - 3e?
-69
In base 16, what is 38 + 20?
58
In base 10, what is 2 + 716?
718
In base 8, what is 5 - -30?
35
In base 9, what is -43 - 23?
-66
In base 8, what is -5 - -704?
677
In base 3, what is -12 - -122022?
122010
In base 2, what is 10110 + -11?
10011
In base 13, what is 5 - -6a?
72
In base 4, what is -123201 + -10?
-123211
In base 10, what is -24 + -52?
-76
In base 10, what is 0 - -192?
192
In base 15, what is -b + 1d?
12
In base 6, what is -134 + 4?
-130
In base 3, what is -10 + -2120?
-2200
In base 16, what is 61e - 1?
61d
In base 14, what is 2480 - 5?
2479
In base 8, what is 12124 - 0?
12124
In base 9, what is 18 - -25?
44
In base 4, what is -2201 + 0?
-2201
In base 6, what is 332052 + -3?
332045
In base 9, what is 0 + 112?
112
In base 15, what is -14 - 5?
-19
In base 4, what is -20022 - -2?
-20020
In base 5, what is -11 - 131?
-142
In base 4, what is 2 + -2331?
-2323
In base 15, what is 3 + 54?
57
In base 5, what is -1402100 - 1?
-1402101
In base 5, what is 1310 + 10?
1320
In base 15, what is 13 - -8?
1b
In base 6, what is 3233 - -5?
3242
In base 9, what is 148 - -2?
151
In base 13, what is 1 + -17?
-16
In base 9, what is -258 + 2?
-256
In base 14, what is -1 - -7d?
7c
In base 12, what is 8 + 45?
51
In base 14, what is d + 1d8?
207
In base 15, what is 1e - -4?
23
In base 8, what is -461 - 5?
-466
In base 10, what is -4 + 12?
8
In base 4, what is -2 - 113?
-121
In base 9, what is 3 + -516?
-513
In base 10, what is 16 - 4?
12
In base 11, what is -31 + -12?
-43
In base 13, what is -4c + 5?
-47
In base 16, what is 25 + -8?
1d
In base 11, what is -26 - -27?
1
In base 6, what is 0 - 504?
-504
In base 7, what is 1 - 16?
-15
In base 13, what is 1813 + 1?
1814
In base 7, what is 2266 + 21?
2320
In base 5, what is -1110 - -3?
-1102
In base 6, what is 1300 + -3?
1253
In base 6, what is -2 - 43?
-45
In base 14, what is -2 + 18?
16
In base 6, what 